{"id":634,"date":"2019-07-08T18:23:44","date_gmt":"2019-07-08T16:23:44","guid":{"rendered":"https:\/\/www.heilpraktikerin-dietze.de\/?page_id=634"},"modified":"2024-02-20T17:55:16","modified_gmt":"2024-02-20T15:55:16","slug":"breuss-massage","status":"publish","type":"page","link":"https:\/\/www.heilpraktikerin-dietze.de\/?page_id=634","title":{"rendered":"Breu\u00df R\u00fcckenmassage"},"content":{"rendered":"<h2>Die ganzheitliche Entspannungsmassage f\u00fcr den R\u00fccken<\/h2>\n<p>Durch eine Fehlstellung von Gelenken und Wirbeln kann es zu Nerven- und Funktionsst\u00f6rungen kommen. Schmerzen und Sensibilit\u00e4tsst\u00f6rungen k\u00f6nnen sich einstellen.<\/p>\n<p>Die schonende und sanfte\u00a0Breu\u00df-R\u00fcckenmassage wurde von Rudolf Breu\u00df entwickelt.<\/p>\n<p>Es ist eine streckende und sanfte Massage. Hierbei wird Johanniskraut-\u00d6l verwendet.<\/p>\n<p>Eine <a href=\"https:\/\/www.heilpraktikerin-dietze.de\/?page_id=94\">Massagesitzung<\/a> dauert ungef\u00e4hr 30 min.<\/p>\n<p>&nbsp;<\/p>\n<p>&nbsp;<\/p>\n<p><span style=\"font-family: Arial, serif;\"><span style=\"font-size: small;\">PFLICHTHINWEIS:<\/span><\/span><\/p>\n<p><span style=\"font-family: Arial, serif;\"><span style=\"font-size: small;\">Diese hier beschriebene Entspannungsmethode ist nicht wissenschaftlich, im Sinne der Schulmedizin, anerkannt. Sie folgt den Regeln der naturheilkundlichen Erfahrungsmedizin. Alle Aussagen \u00fcber die Wirkung und Behandlungsbeispiele, beruhen auf Erkenntnissen und Erfahrungswerten der Therapieeinrichtung selbst.<\/span><\/span><\/p>\n","protected":false},"excerpt":{"rendered":"<p>Die ganzheitliche Entspannungsmassage f\u00fcr den R\u00fccken Durch eine Fehlstellung von Gelenken und Wirbeln kann es zu Nerven- und Funktionsst\u00f6rungen kommen. Schmerzen und Sensibilit\u00e4tsst\u00f6rungen k\u00f6nnen sich einstellen. Die schonende und sanfte\u00a0Breu\u00df-R\u00fcckenmassage wurde von Rudolf Breu\u00df entwickelt. Es ist eine streckende und sanfte Massage. Hierbei wird Johanniskraut-\u00d6l verwendet. Eine Massagesitzung dauert ungef\u00e4hr 30 min. &nbsp; &nbsp; PFLICHTHINWEIS: [&hellip;]<\/p>\n","protected":false},"author":3,"featured_media":0,"parent":595,"menu_order":3,"comment_status":"closed","ping_status":"closed","template":"","meta":{"footnotes":""},"class_list":["post-634","page","type-page","status-publish","hentry"],"_links":{"self":[{"href":"https:\/\/www.heilpraktikerin-dietze.de\/index.php?rest_route=\/wp\/v2\/pages\/634","targetHints":{"allow":["GET"]}}],"collection":[{"href":"https:\/\/www.heilpraktikerin-dietze.de\/index.php?rest_route=\/wp\/v2\/pages"}],"about":[{"href":"https:\/\/www.heilpraktikerin-dietze.de\/index.php?rest_route=\/wp\/v2\/types\/page"}],"author":[{"embeddable":true,"href":"https:\/\/www.heilpraktikerin-dietze.de\/index.php?rest_route=\/wp\/v2\/users\/3"}],"replies":[{"embeddable":true,"href":"https:\/\/www.heilpraktikerin-dietze.de\/index.php?rest_route=%2Fwp%2Fv2%2Fcomments&post=634"}],"version-history":[{"count":0,"href":"https:\/\/www.heilpraktikerin-dietze.de\/index.php?rest_route=\/wp\/v2\/pages\/634\/revisions"}],"up":[{"embeddable":true,"href":"https:\/\/www.heilpraktikerin-dietze.de\/index.php?rest_route=\/wp\/v2\/pages\/595"}],"wp:attachment":[{"href":"https:\/\/www.heilpraktikerin-dietze.de\/index.php?rest_route=%2Fwp%2Fv2%2Fmedia&parent=634"}],"curies":[{"name":"wp","href":"https:\/\/api.w.org\/{rel}","templated":true}]}}